	



	{"id":18,"date":"2022-11-15T08:43:50","date_gmt":"2022-11-15T07:43:50","guid":{"rendered":"https:\/\/kitbase.webs.fococonsultores.es\/?page_id=18"},"modified":"2023-06-27T17:35:09","modified_gmt":"2023-06-27T15:35:09","slug":"nosotros","status":"publish","type":"page","link":"https:\/\/impulsatformacion.es\/index.php\/nosotros\/","title":{"rendered":"Nosotros"},"content":{"rendered":"\n<div style=\"height:4vh\" aria-hidden=\"true\" class=\"wp-block-spacer\"><\/div>\n\n\n<div class=\"yoast-breadcrumbs\"><span><span><a href=\"https:\/\/impulsatformacion.es\/\">Portada<\/a> \u00bb <span class=\"breadcrumb_last\" aria-current=\"page\">Nosotros<\/span><\/span><\/span><\/div>\n\n\n<div class=\"wp-block-cover alignfull is-light\"><span aria-hidden=\"true\" class=\"wp-block-cover__background has-white-background-color has-background-dim-100 has-background-dim\"><\/span><div class=\"wp-block-cover__inner-container\">\n<div class=\"is-layout-constrained wp-block-group\"><div class=\"wp-block-group__inner-container\">\n<div class=\"is-layout-flex wp-container-4 wp-block-columns\">\n<div class=\"is-layout-flow wp-block-column is-vertically-aligned-top\" style=\"flex-basis:50%\"><div class=\"wp-block-image\">\n<figure class=\"alignleft size-full\"><img decoding=\"async\" loading=\"lazy\" width=\"960\" height=\"768\" src=\"https:\/\/impulsatformacion.es\/wp-content\/uploads\/sites\/18\/2023\/06\/QUIENES_SOMOS_impulsat.jpg\" alt=\"\" class=\"wp-image-908\" srcset=\"https:\/\/impulsatformacion.es\/wp-content\/uploads\/sites\/18\/2023\/06\/QUIENES_SOMOS_impulsat.jpg 960w, https:\/\/impulsatformacion.es\/wp-content\/uploads\/sites\/18\/2023\/06\/QUIENES_SOMOS_impulsat-300x240.jpg 300w, https:\/\/impulsatformacion.es\/wp-content\/uploads\/sites\/18\/2023\/06\/QUIENES_SOMOS_impulsat-768x614.jpg 768w\" sizes=\"(max-width: 960px) 100vw, 960px\" \/><\/figure><\/div><\/div>\n\n\n\n<div class=\"is-layout-flow wp-block-column is-vertically-aligned-center\">\n<h1 class=\"has-large-font-size\">Nuestra empresa<\/h1>\n\n\n\n<h2><strong>Impulsa-T<\/strong><\/h2>\n\n\n\n<p>Somos una empresa dedicada a la consultor\u00eda de igualdad, centro de formaci\u00f3n en diferentes \u00e1reas del sector empresarial y gestora de contratos de formaci\u00f3n.<\/p>\n\n\n\n<p>Uno de nuestros principales servicios es dar formaci\u00f3n programada a todas las empresas que disponen de cr\u00e9dito anual para formar a coste 0 a sus trabajadores.<\/p>\n\n\n\n<p>Como consultora de igualdad nuestro trabajo es proporcionar a las empresas un protocolo de acoso adecuado a sus necesidades, siendo una herramienta fundamental para avanzar a una sociedad igualitaria.<\/p>\n\n\n\n<p>El contrato para la formaci\u00f3n en alternancia tendr\u00e1 por objeto compatibilizar la actividad laboral retribuida con los correspondientes procesos formativos en el \u00e1mbito de la formaci\u00f3n profesional, proporcionando desde Impulsa-T toda la gesti\u00f3n y formaci\u00f3n a los trabajadores dados de alta en esta modalidad.<\/p>\n\n\n\n<p>Trabajamos cada d\u00eda para seguir mejorando y dar una mejor atenci\u00f3n a nuestros clientes, nuestra finalidad es ser una empresa competente en el mercado, siendo transparente en la gesti\u00f3n.<\/p>\n<\/div>\n\n\n\n<div class=\"is-layout-flow wp-block-column\" style=\"flex-basis:2%\"><\/div>\n<\/div>\n<\/div><\/div>\n<\/div><\/div>\n","protected":false},"excerpt":{"rendered":"","protected":false},"author":2,"featured_media":0,"parent":0,"menu_order":0,"comment_status":"closed","ping_status":"closed","template":"","meta":{"_mi_skip_tracking":false},"yoast_head":"<!-- This site is optimized with the Yoast SEO plugin v19.10 - https:\/\/yoast.com\/wordpress\/plugins\/seo\/ -->\n<title>Nosotros | Impulsa-T<\/title>\n<meta name=\"description\" content=\"Impulsa-T: consultor\u00eda de igualdad, centro de formaci\u00f3n y gestora de contratos de formaci\u00f3n. Equipo experto.\" \/>\n<meta name=\"robots\" content=\"index, follow, max-snippet:-1, max-image-preview:large, max-video-preview:-1\" \/>\n<link rel=\"canonical\" href=\"https:\/\/impulsatformacion.es\/index.php\/nosotros\/\" \/>\n<meta property=\"og:locale\" content=\"es_ES\" \/>\n<meta property=\"og:type\" content=\"article\" \/>\n<meta property=\"og:title\" content=\"Nosotros | Impulsa-T\" \/>\n<meta property=\"og:description\" content=\"Impulsa-T: consultor\u00eda de igualdad, centro de formaci\u00f3n y gestora de contratos de formaci\u00f3n. Equipo experto.\" \/>\n<meta property=\"og:url\" content=\"https:\/\/impulsatformacion.es\/index.php\/nosotros\/\" \/>\n<meta property=\"og:site_name\" content=\"Impulsa-T\" \/>\n<meta property=\"article:modified_time\" content=\"2023-06-27T15:35:09+00:00\" \/>\n<meta property=\"og:image\" content=\"https:\/\/impulsatformacion.es\/wp-content\/uploads\/sites\/18\/2023\/06\/QUIENES_SOMOS_impulsat.jpg\" \/>\n<meta name=\"twitter:card\" content=\"summary_large_image\" \/>\n<meta name=\"twitter:label1\" content=\"Tiempo de lectura\" \/>\n\t<meta name=\"twitter:data1\" content=\"1 minuto\" \/>\n<script type=\"application\/ld+json\" class=\"yoast-schema-graph\">{\"@context\":\"https:\/\/schema.org\",\"@graph\":[{\"@type\":\"WebPage\",\"@id\":\"https:\/\/impulsatformacion.es\/index.php\/nosotros\/\",\"url\":\"https:\/\/impulsatformacion.es\/index.php\/nosotros\/\",\"name\":\"Nosotros | Impulsa-T\",\"isPartOf\":{\"@id\":\"https:\/\/impulsatformacion.es\/#website\"},\"datePublished\":\"2022-11-15T07:43:50+00:00\",\"dateModified\":\"2023-06-27T15:35:09+00:00\",\"description\":\"Impulsa-T: consultor\u00eda de igualdad, centro de formaci\u00f3n y gestora de contratos de formaci\u00f3n. Equipo experto.\",\"breadcrumb\":{\"@id\":\"https:\/\/impulsatformacion.es\/index.php\/nosotros\/#breadcrumb\"},\"inLanguage\":\"es\",\"potentialAction\":[{\"@type\":\"ReadAction\",\"target\":[\"https:\/\/impulsatformacion.es\/index.php\/nosotros\/\"]}]},{\"@type\":\"BreadcrumbList\",\"@id\":\"https:\/\/impulsatformacion.es\/index.php\/nosotros\/#breadcrumb\",\"itemListElement\":[{\"@type\":\"ListItem\",\"position\":1,\"name\":\"Portada\",\"item\":\"https:\/\/impulsatformacion.es\/\"},{\"@type\":\"ListItem\",\"position\":2,\"name\":\"Nosotros\"}]},{\"@type\":\"WebSite\",\"@id\":\"https:\/\/impulsatformacion.es\/#website\",\"url\":\"https:\/\/impulsatformacion.es\/\",\"name\":\"Impulsa-T Gesti\u00f3n Empresarial\",\"description\":\"Consultora de igualdad y formaci\u00f3n\",\"publisher\":{\"@id\":\"https:\/\/impulsatformacion.es\/#organization\"},\"alternateName\":\"Impulsa-T\",\"potentialAction\":[{\"@type\":\"SearchAction\",\"target\":{\"@type\":\"EntryPoint\",\"urlTemplate\":\"https:\/\/impulsatformacion.es\/?s={search_term_string}\"},\"query-input\":\"required name=search_term_string\"}],\"inLanguage\":\"es\"},{\"@type\":\"Organization\",\"@id\":\"https:\/\/impulsatformacion.es\/#organization\",\"name\":\"Impulsa-T Gesti\u00f3n Empresarial\",\"alternateName\":\"Impulsa-T\",\"url\":\"https:\/\/impulsatformacion.es\/\",\"logo\":{\"@type\":\"ImageObject\",\"inLanguage\":\"es\",\"@id\":\"https:\/\/impulsatformacion.es\/#\/schema\/logo\/image\/\",\"url\":\"https:\/\/impulsatformacion.es\/wp-content\/uploads\/sites\/18\/2023\/06\/marca_impulsate.png\",\"contentUrl\":\"https:\/\/impulsatformacion.es\/wp-content\/uploads\/sites\/18\/2023\/06\/marca_impulsate.png\",\"width\":750,\"height\":240,\"caption\":\"Impulsa-T Gesti\u00f3n Empresarial\"},\"image\":{\"@id\":\"https:\/\/impulsatformacion.es\/#\/schema\/logo\/image\/\"}}]}<\/script>\n<!-- \/ Yoast SEO plugin. -->","yoast_head_json":{"title":"Nosotros | Impulsa-T","description":"Impulsa-T: consultor\u00eda de igualdad, centro de formaci\u00f3n y gestora de contratos de formaci\u00f3n. Equipo experto.","robots":{"index":"index","follow":"follow","max-snippet":"max-snippet:-1","max-image-preview":"max-image-preview:large","max-video-preview":"max-video-preview:-1"},"canonical":"https:\/\/impulsatformacion.es\/index.php\/nosotros\/","og_locale":"es_ES","og_type":"article","og_title":"Nosotros | Impulsa-T","og_description":"Impulsa-T: consultor\u00eda de igualdad, centro de formaci\u00f3n y gestora de contratos de formaci\u00f3n. Equipo experto.","og_url":"https:\/\/impulsatformacion.es\/index.php\/nosotros\/","og_site_name":"Impulsa-T","article_modified_time":"2023-06-27T15:35:09+00:00","og_image":[{"url":"https:\/\/impulsatformacion.es\/wp-content\/uploads\/sites\/18\/2023\/06\/QUIENES_SOMOS_impulsat.jpg"}],"twitter_card":"summary_large_image","twitter_misc":{"Tiempo de lectura":"1 minuto"},"schema":{"@context":"https:\/\/schema.org","@graph":[{"@type":"WebPage","@id":"https:\/\/impulsatformacion.es\/index.php\/nosotros\/","url":"https:\/\/impulsatformacion.es\/index.php\/nosotros\/","name":"Nosotros | Impulsa-T","isPartOf":{"@id":"https:\/\/impulsatformacion.es\/#website"},"datePublished":"2022-11-15T07:43:50+00:00","dateModified":"2023-06-27T15:35:09+00:00","description":"Impulsa-T: consultor\u00eda de igualdad, centro de formaci\u00f3n y gestora de contratos de formaci\u00f3n. Equipo experto.","breadcrumb":{"@id":"https:\/\/impulsatformacion.es\/index.php\/nosotros\/#breadcrumb"},"inLanguage":"es","potentialAction":[{"@type":"ReadAction","target":["https:\/\/impulsatformacion.es\/index.php\/nosotros\/"]}]},{"@type":"BreadcrumbList","@id":"https:\/\/impulsatformacion.es\/index.php\/nosotros\/#breadcrumb","itemListElement":[{"@type":"ListItem","position":1,"name":"Portada","item":"https:\/\/impulsatformacion.es\/"},{"@type":"ListItem","position":2,"name":"Nosotros"}]},{"@type":"WebSite","@id":"https:\/\/impulsatformacion.es\/#website","url":"https:\/\/impulsatformacion.es\/","name":"Impulsa-T Gesti\u00f3n Empresarial","description":"Consultora de igualdad y formaci\u00f3n","publisher":{"@id":"https:\/\/impulsatformacion.es\/#organization"},"alternateName":"Impulsa-T","potentialAction":[{"@type":"SearchAction","target":{"@type":"EntryPoint","urlTemplate":"https:\/\/impulsatformacion.es\/?s={search_term_string}"},"query-input":"required name=search_term_string"}],"inLanguage":"es"},{"@type":"Organization","@id":"https:\/\/impulsatformacion.es\/#organization","name":"Impulsa-T Gesti\u00f3n Empresarial","alternateName":"Impulsa-T","url":"https:\/\/impulsatformacion.es\/","logo":{"@type":"ImageObject","inLanguage":"es","@id":"https:\/\/impulsatformacion.es\/#\/schema\/logo\/image\/","url":"https:\/\/impulsatformacion.es\/wp-content\/uploads\/sites\/18\/2023\/06\/marca_impulsate.png","contentUrl":"https:\/\/impulsatformacion.es\/wp-content\/uploads\/sites\/18\/2023\/06\/marca_impulsate.png","width":750,"height":240,"caption":"Impulsa-T Gesti\u00f3n Empresarial"},"image":{"@id":"https:\/\/impulsatformacion.es\/#\/schema\/logo\/image\/"}}]}},"_links":{"self":[{"href":"https:\/\/impulsatformacion.es\/index.php\/wp-json\/wp\/v2\/pages\/18"}],"collection":[{"href":"https:\/\/impulsatformacion.es\/index.php\/wp-json\/wp\/v2\/pages"}],"about":[{"href":"https:\/\/impulsatformacion.es\/index.php\/wp-json\/wp\/v2\/types\/page"}],"author":[{"embeddable":true,"href":"https:\/\/impulsatformacion.es\/index.php\/wp-json\/wp\/v2\/users\/2"}],"replies":[{"embeddable":true,"href":"https:\/\/impulsatformacion.es\/index.php\/wp-json\/wp\/v2\/comments?post=18"}],"version-history":[{"count":23,"href":"https:\/\/impulsatformacion.es\/index.php\/wp-json\/wp\/v2\/pages\/18\/revisions"}],"predecessor-version":[{"id":924,"href":"https:\/\/impulsatformacion.es\/index.php\/wp-json\/wp\/v2\/pages\/18\/revisions\/924"}],"wp:attachment":[{"href":"https:\/\/impulsatformacion.es\/index.php\/wp-json\/wp\/v2\/media?parent=18"}],"curies":[{"name":"wp","href":"https:\/\/api.w.org\/{rel}","templated":true}]}}